{"id":79,"date":"2012-05-16T07:29:41","date_gmt":"2012-05-16T07:29:41","guid":{"rendered":"http:\/\/lycee-nisard.fr\/?page_id=79"},"modified":"2026-03-11T13:11:36","modified_gmt":"2026-03-11T12:11:36","slug":"secteur-general","status":"publish","type":"page","link":"https:\/\/lycee-nisard.fr\/?page_id=79","title":{"rendered":"Secteur G\u00e9n\u00e9ral"},"content":{"rendered":"\n<p class=\"has-text-align-center\"><strong>PERSONNEL ENSEIGNANT<\/strong><\/p>\n\n\n\n<p><strong>ALLEMAND<\/strong><br> Mme PRUNOT Claire<\/p>\n\n\n\n<p><strong>ANGLAIS<\/strong><br>\nMme GIRARD Am\u00e9lie<br>\nMme GODILLOT Agn\u00e8s<\/p>\n\n\n\n<p><strong>DOCUMENTATION<\/strong><br> Mr GUYON Jean-Baptiste<\/p>\n\n\n\n<p><strong>E.P.S<\/strong><br> Mme MARTIN Lucie<br> Mr RATTON Franck<\/p>\n\n\n\n<p>Mr DUCOT\u00c9 Antoine<\/p>\n\n\n\n<p><strong>ESPAGNOL<\/strong><br> Mme BERTRAND Anne-Sophie<br> Mr RIVAS Isrrael<\/p>\n\n\n\n<p><strong>G\u00c9NIE M\u00c9CANIQUE<\/strong><br> Mr SAUVAGEOT Philippe<\/p>\n\n\n\n<p><strong>HISTOIRE G\u00c9OGRAPHIE<\/strong><br> Mr CHARTIER Mathieu<br> Mr CHIASSON Serge<br> Mr DENIVELLE Christian<\/p>\n\n\n\n<p><strong>LETTRES MODERNES<br><\/strong>Mr HENIN Hugo<br>Mme SIRI C\u00e9cile<\/p>\n\n\n\n<p><strong>MATH\u00c9MATIQUES<\/strong><br> Mr LAMELIN Henri-Fran\u00e7ois<br> Mme MARTIN Carole<br> Mr LHOMME Benoit<\/p>\n\n\n\n<p><strong>PHILOSOPHIE<\/strong><br> Mr KROMICHEFF Emmanuel<\/p>\n\n\n\n<p><strong>SCIENCES \u00c9CONOMIQUES ET SOCIALES<\/strong><br> Mr BOISSIEU Loic<\/p>\n\n\n\n<p>Mr BERTRAND Joe<\/p>\n\n\n\n<p><strong>SCIENCES ET VIE DE LA TERRE<\/strong><br> Mme BRUNE Karine<br> Mr RIGAUT Pascal<\/p>\n\n\n\n<p><strong>SCIENCES PHYSIQUES<\/strong><\/p>\n\n\n\n<p>Mme CLERGET Florence<br> Mr GRAND David<\/p>\n","protected":false},"excerpt":{"rendered":"<p>PERSONNEL ENSEIGNANT ALLEMAND Mme PRUNOT Claire ANGLAIS Mme GIRARD Am\u00e9lie Mme GODILLOT Agn\u00e8s DOCUMENTATION Mr GUYON Jean-Baptiste E.P.S Mme MARTIN Lucie Mr RATTON Franck Mr DUCOT\u00c9 Antoine ESPAGNOL Mme BERTRAND Anne-Sophie Mr RIVAS Isrrael G\u00c9NIE M\u00c9CANIQUE Mr SAUVAGEOT Philippe HISTOIRE G\u00c9OGRAPHIE Mr CHARTIER Mathieu Mr CHIASSON Serge Mr DENIVELLE Christian LETTRES MODERNESMr HENIN HugoMme SIRI &hellip; <a href=\"https:\/\/lycee-nisard.fr\/?page_id=79\" class=\"more-link\">Continuer la lecture de <span class=\"screen-reader-text\">Secteur G\u00e9n\u00e9ral<\/span>  <span class=\"meta-nav\">&rarr;<\/span><\/a><\/p>\n","protected":false},"author":1,"featured_media":0,"parent":70,"menu_order":3,"comment_status":"closed","ping_status":"closed","template":"","meta":{"saved_in_kubio":true,"footnotes":""},"class_list":["post-79","page","type-page","status-publish","hentry"],"kubio_ai_page_context":{"short_desc":"","purpose":"general"},"_links":{"self":[{"href":"https:\/\/lycee-nisard.fr\/index.php?rest_route=\/wp\/v2\/pages\/79","targetHints":{"allow":["GET"]}}],"collection":[{"href":"https:\/\/lycee-nisard.fr\/index.php?rest_route=\/wp\/v2\/pages"}],"about":[{"href":"https:\/\/lycee-nisard.fr\/index.php?rest_route=\/wp\/v2\/types\/page"}],"author":[{"embeddable":true,"href":"https:\/\/lycee-nisard.fr\/index.php?rest_route=\/wp\/v2\/users\/1"}],"replies":[{"embeddable":true,"href":"https:\/\/lycee-nisard.fr\/index.php?rest_route=%2Fwp%2Fv2%2Fcomments&post=79"}],"version-history":[{"count":30,"href":"https:\/\/lycee-nisard.fr\/index.php?rest_route=\/wp\/v2\/pages\/79\/revisions"}],"predecessor-version":[{"id":7020,"href":"https:\/\/lycee-nisard.fr\/index.php?rest_route=\/wp\/v2\/pages\/79\/revisions\/7020"}],"up":[{"embeddable":true,"href":"https:\/\/lycee-nisard.fr\/index.php?rest_route=\/wp\/v2\/pages\/70"}],"wp:attachment":[{"href":"https:\/\/lycee-nisard.fr\/index.php?rest_route=%2Fwp%2Fv2%2Fmedia&parent=79"}],"curies":[{"name":"wp","href":"https:\/\/api.w.org\/{rel}","templated":true}]}}