{"id":3036,"date":"2019-01-08T15:46:33","date_gmt":"2019-01-08T14:46:33","guid":{"rendered":"http:\/\/lycee-nisard.fr\/?page_id=3036"},"modified":"2021-03-13T09:35:17","modified_gmt":"2021-03-13T08:35:17","slug":"3e-prepa-pro","status":"publish","type":"page","link":"https:\/\/lycee-nisard.fr\/?page_id=3036","title":{"rendered":"3e Pr\u00e9pa M\u00e9tiers"},"content":{"rendered":"<p>La classe de troisi\u00e8me pr\u00e9paratoire \u00e0 l&rsquo;enseignement professionnel, dite 3e \u00ab\u00a0pr\u00e9pa-pro\u00a0\u00bb, donne la possibilit\u00e9 aux \u00e9l\u00e8ves d&rsquo;affiner le choix de leur parcours de formation, sans pour autant d\u00e9cider d\u00e9finitivement de leur champ professionnel ni de leur orientation.<\/p>\n<h2>Objectif de la 3e \u00ab\u00a0pr\u00e9pa-m\u00e9tiers\u00a0\u00bb<\/h2>\n<p>Il s&rsquo;agit de proposer, \u00e0 des \u00e9l\u00e8ves volontaires pr\u00eats \u00e0 se remobiliser autour d&rsquo;un projet de formation, un accompagnement dans la construction de leur projet personnel. Elle s&rsquo;inscrit dans le cadre de la personnalisation des parcours.<\/p>\n<h2>Organisation de la 3e \u00ab\u00a0pr\u00e9pa-m\u00e9tiers\u00a0\u00bb<\/h2>\n<p>Les<strong>&nbsp;volumes horaires<\/strong>&nbsp;des enseignements g\u00e9n\u00e9raux et des enseignements compl\u00e9mentaires sont identiques \u00e0 ceux des autres classes de troisi\u00e8me, avec quelques&nbsp;<strong>sp\u00e9cificit\u00e9s<\/strong>&nbsp;:<\/p>\n<ul>\n<li>les horaires des langues vivantes 1 et 2 sont globalis\u00e9s. Les deux langues sont obligatoires pour ne pas limiter les v\u0153ux d&rsquo;orientation \u00e0 l&rsquo;issue de la 3e&nbsp;;<\/li>\n<li>les horaires des sciences exp\u00e9rimentales et de la technologie sont aussi globalis\u00e9s<\/li>\n<\/ul>\n<p>L&rsquo;enseignement de&nbsp;<strong>d\u00e9couverte professionnelle<\/strong>&nbsp;est suivi par tous les \u00e9l\u00e8ves. Le volume horaire de cet enseignement est de 216&nbsp;heures&nbsp;; il est annualis\u00e9. Il comprend des visites d&rsquo;information, des s\u00e9quences d&rsquo;observation voire des stages d&rsquo;initiation.<\/p>\n\n\n<figure class=\"wp-block-embed-youtube wp-block-embed is-type-video is-provider-youtube wp-embed-aspect-16-9 wp-has-aspect-ratio\"><div class=\"wp-block-embed__wrapper\">\n<iframe loading=\"lazy\" title=\"3\u00e8me Pr\u00e9pa-M\u00e9tiers\" width=\"474\" height=\"267\" src=\"https:\/\/www.youtube.com\/embed\/GemD4ob01xs?feature=oembed\" frameborder=\"0\" allow=\"accelerometer; autoplay; clipboard-write; encrypted-media; gyroscope; picture-in-picture; web-share\" referrerpolicy=\"strict-origin-when-cross-origin\" allowfullscreen><\/iframe>\n<\/div><\/figure>\n","protected":false},"excerpt":{"rendered":"<p>La classe de troisi\u00e8me pr\u00e9paratoire \u00e0 l&rsquo;enseignement professionnel, dite 3e \u00ab\u00a0pr\u00e9pa-pro\u00a0\u00bb, donne la possibilit\u00e9 aux \u00e9l\u00e8ves d&rsquo;affiner le choix de leur parcours de formation, sans pour autant d\u00e9cider d\u00e9finitivement de leur champ professionnel ni de leur orientation. Objectif de la 3e \u00ab\u00a0pr\u00e9pa-m\u00e9tiers\u00a0\u00bb Il s&rsquo;agit de proposer, \u00e0 des \u00e9l\u00e8ves volontaires pr\u00eats \u00e0 se remobiliser autour &hellip; <a href=\"https:\/\/lycee-nisard.fr\/?page_id=3036\" class=\"more-link\">Continuer la lecture de <span class=\"screen-reader-text\">3e Pr\u00e9pa M\u00e9tiers<\/span>  <span class=\"meta-nav\">&rarr;<\/span><\/a><\/p>\n","protected":false},"author":1,"featured_media":0,"parent":1429,"menu_order":0,"comment_status":"closed","ping_status":"closed","template":"","meta":{"saved_in_kubio":false,"footnotes":""},"class_list":["post-3036","page","type-page","status-publish","hentry"],"kubio_ai_page_context":{"short_desc":"","purpose":"general"},"_links":{"self":[{"href":"https:\/\/lycee-nisard.fr\/index.php?rest_route=\/wp\/v2\/pages\/3036","targetHints":{"allow":["GET"]}}],"collection":[{"href":"https:\/\/lycee-nisard.fr\/index.php?rest_route=\/wp\/v2\/pages"}],"about":[{"href":"https:\/\/lycee-nisard.fr\/index.php?rest_route=\/wp\/v2\/types\/page"}],"author":[{"embeddable":true,"href":"https:\/\/lycee-nisard.fr\/index.php?rest_route=\/wp\/v2\/users\/1"}],"replies":[{"embeddable":true,"href":"https:\/\/lycee-nisard.fr\/index.php?rest_route=%2Fwp%2Fv2%2Fcomments&post=3036"}],"version-history":[{"count":4,"href":"https:\/\/lycee-nisard.fr\/index.php?rest_route=\/wp\/v2\/pages\/3036\/revisions"}],"predecessor-version":[{"id":4040,"href":"https:\/\/lycee-nisard.fr\/index.php?rest_route=\/wp\/v2\/pages\/3036\/revisions\/4040"}],"up":[{"embeddable":true,"href":"https:\/\/lycee-nisard.fr\/index.php?rest_route=\/wp\/v2\/pages\/1429"}],"wp:attachment":[{"href":"https:\/\/lycee-nisard.fr\/index.php?rest_route=%2Fwp%2Fv2%2Fmedia&parent=3036"}],"curies":[{"name":"wp","href":"https:\/\/api.w.org\/{rel}","templated":true}]}}

3e Prépa Métiers

<p>La classe de troisième préparatoire à l&rsquo;enseignement professionnel, dite 3e « prépa-pro », donne la possibilité aux élèves d&rsquo;affiner le choix de leur parcours de formation, sans pour autant décider définitivement de leur champ professionnel ni de leur orientation.</p>
<h2>Objectif de la 3e « prépa-métiers »</h2>
<p>Il s&rsquo;agit de proposer, à des élèves volontaires prêts à se remobiliser autour d&rsquo;un projet de formation, un accompagnement dans la construction de leur projet personnel. Elle s&rsquo;inscrit dans le cadre de la personnalisation des parcours.</p>
<h2>Organisation de la 3e « prépa-métiers »</h2>
<p>Les<strong>&nbsp;volumes horaires</strong>&nbsp;des enseignements généraux et des enseignements complémentaires sont identiques à ceux des autres classes de troisième, avec quelques&nbsp;<strong>spécificités</strong>&nbsp;:</p>
<ul>
<li>les horaires des langues vivantes 1 et 2 sont globalisés. Les deux langues sont obligatoires pour ne pas limiter les vœux d&rsquo;orientation à l&rsquo;issue de la 3e&nbsp;;</li>
<li>les horaires des sciences expérimentales et de la technologie sont aussi globalisés</li>
</ul>
<p>L&rsquo;enseignement de&nbsp;<strong>découverte professionnelle</strong>&nbsp;est suivi par tous les élèves. Le volume horaire de cet enseignement est de 216&nbsp;heures&nbsp;; il est annualisé. Il comprend des visites d&rsquo;information, des séquences d&rsquo;observation voire des stages d&rsquo;initiation.</p>


<figure class="wp-block-embed-youtube wp-block-embed is-type-video is-provider-youtube wp-embed-aspect-16-9 wp-has-aspect-ratio"><div class="wp-block-embed__wrapper">
<iframe loading="lazy" title="3ème Prépa-Métiers" width="474" height="267" src="https://www.youtube.com/embed/GemD4ob01xs?feature=oembed" frameborder="0" allow="accelerometer; autoplay; clipboard-write; encrypted-media; gyroscope; picture-in-picture; web-share" referrerpolicy="strict-origin-when-cross-origin" allowfullscreen></iframe>
</div></figure>

<p>La classe de troisième préparatoire à l&rsquo;enseignement professionnel, dite 3e « prépa-pro », donne la possibilité aux élèves d&rsquo;affiner le choix de leur parcours de formation, sans pour autant décider définitivement de leur champ professionnel ni de leur orientation. Objectif de la 3e « prépa-métiers » Il s&rsquo;agit de proposer, à des élèves volontaires prêts à se remobiliser autour &hellip; <a href="https://lycee-nisard.fr/?page_id=3036" class="more-link">Continuer la lecture de <span class="screen-reader-text">3e Prépa Métiers</span>  <span class="meta-nav">&rarr;</span></a></p>
