{"id":3031,"date":"2018-12-11T15:55:31","date_gmt":"2018-12-11T14:55:31","guid":{"rendered":"http:\/\/lycee-nisard.fr\/?page_id=3031"},"modified":"2026-03-18T14:00:52","modified_gmt":"2026-03-18T13:00:52","slug":"calendrier-parcoursup","status":"publish","type":"page","link":"https:\/\/lycee-nisard.fr\/?page_id=3031","title":{"rendered":"CALENDRIER PARCOURSUP et GUIDE ONISEP"},"content":{"rendered":"\n<h2 class=\"wp-block-heading\"><strong><img decoding=\"async\" draggable=\"false\" role=\"img\" class=\"emoji\" src=\"https:\/\/s.w.org\/images\/core\/emoji\/17.0.2\/svg\/1f393.svg\" alt=\"&#x1f393;\"> <strong>Parcoursup 2025-2026 : les \u00e9tapes cl\u00e9s pour l\u2019orientation post-bac<\/strong><\/strong>.<\/h2>\n\n\n\n<p><\/p>\n\n\n\n<p>Le calendrier Parcoursup 2025-2026 est d\u00e9sormais disponible. Il accompagne les \u00e9l\u00e8ves de terminale (et \u00e9tudiants en r\u00e9orientation) tout au long de leur projet d\u2019\u00e9tudes sup\u00e9rieures.<\/p>\n\n\n\n<ul class=\"wp-block-list\">\n<li>De <strong>l\u2019automne \u00e0 janvier<\/strong>, les \u00e9l\u00e8ves s\u2019informent et construisent leur projet d\u2019orientation.<\/li>\n\n\n\n<li>De <strong>janvier \u00e0 avril<\/strong>, ils s\u2019inscrivent sur la plateforme, formulent leurs v\u0153ux et finalisent leur dossier.<\/li>\n\n\n\n<li>Enfin, de <strong>juin \u00e0 septembre<\/strong>, ils re\u00e7oivent les r\u00e9ponses des formations et font leurs choix d\u2019admission.<\/li>\n<\/ul>\n\n\n\n<p><\/p>\n\n\n\n<p><img decoding=\"async\" draggable=\"false\" role=\"img\" class=\"emoji\" src=\"https:\/\/s.w.org\/images\/core\/emoji\/17.0.2\/svg\/1f4c5.svg\" alt=\"&#x1f4c5;\"> Ce calendrier structur\u00e9 permet \u00e0 chacun d\u2019avancer sereinement, en respectant des \u00e9tapes essentielles pour r\u00e9ussir son entr\u00e9e dans l\u2019enseignement sup\u00e9rieur.<\/p>\n\n\n\n<p><\/p>\n\n\n\n<p><img decoding=\"async\" draggable=\"false\" role=\"img\" class=\"emoji\" src=\"https:\/\/s.w.org\/images\/core\/emoji\/17.0.2\/svg\/1f449.svg\" alt=\"&#x1f449;\"> Parents, \u00e9l\u00e8ves : nous vous invitons \u00e0 consulter le document officiel ci-dessous pour conna\u00eetre toutes les dates importantes et accompagner au mieux cette \u00e9tape cl\u00e9.<\/p>\n\n\n\n<ul class=\"wp-block-list\">\n<li><\/li>\n<\/ul>\n\n\n\n<p>Acc\u00e8s la page Parcoursup, <a href=\"https:\/\/www.parcoursup.gouv.fr\/\" data-type=\"link\" data-id=\"https:\/\/www.parcoursup.fr\/index.php?desc=\" target=\"_blank\" rel=\"noreferrer noopener\">ICI<\/a> !<\/p>\n\n\n\n<figure class=\"wp-block-image size-full\"><a href=\"https:\/\/lycee-nisard.fr\/wp-content\/uploads\/2026\/03\/2A228105-05F0-410E-8A34-7C84659AD22E.png\"><img loading=\"lazy\" decoding=\"async\" width=\"618\" height=\"876\" src=\"https:\/\/lycee-nisard.fr\/wp-content\/uploads\/2026\/03\/2A228105-05F0-410E-8A34-7C84659AD22E.png\" alt=\"\" class=\"wp-image-7171\" srcset=\"https:\/\/lycee-nisard.fr\/wp-content\/uploads\/2026\/03\/2A228105-05F0-410E-8A34-7C84659AD22E.png 618w, https:\/\/lycee-nisard.fr\/wp-content\/uploads\/2026\/03\/2A228105-05F0-410E-8A34-7C84659AD22E-212x300.png 212w\" sizes=\"(max-width: 618px) 100vw, 618px\" \/><\/a><\/figure>\n\n\n\n<p class=\"has-medium-font-size\"><\/p>\n\n\n\n<p><\/p>\n\n\n\n<h2 class=\"wp-block-heading\"><strong><img decoding=\"async\" draggable=\"false\" role=\"img\" class=\"emoji\" src=\"https:\/\/s.w.org\/images\/core\/emoji\/17.0.2\/svg\/1f393.svg\" alt=\"&#x1f393;\"> <strong>Objectif Bac\u2026 et apr\u00e8s ? Construire son projet d\u2019avenir<\/strong><\/strong>.<\/h2>\n\n\n\n<p><\/p>\n\n\n\n<p>Lyc\u00e9ennes, lyc\u00e9ens de premi\u00e8re et de terminale : votre objectif imm\u00e9diat est le baccalaur\u00e9at, v\u00e9ritable passeport pour l\u2019enseignement sup\u00e9rieur. Mais d\u00e8s maintenant, il est important de r\u00e9fl\u00e9chir \u00e0 la suite de votre parcours.<\/p>\n\n\n\n<p><\/p>\n\n\n\n<p>BTS, BUT, licences, classes pr\u00e9paratoires, \u00e9coles sp\u00e9cialis\u00e9es\u2026 les possibilit\u00e9s sont nombreuses, chacune avec ses sp\u00e9cificit\u00e9s : dur\u00e9e des \u00e9tudes, rythme de travail, modalit\u00e9s d\u2019acc\u00e8s, d\u00e9bouch\u00e9s professionnels.<\/p>\n\n\n\n<p><\/p>\n\n\n\n<p><img decoding=\"async\" draggable=\"false\" role=\"img\" class=\"emoji\" src=\"https:\/\/s.w.org\/images\/core\/emoji\/17.0.2\/svg\/1f449.svg\" alt=\"&#x1f449;\"> Pour vous accompagner dans ce choix, un guide complet vous permet de mieux comprendre chaque fili\u00e8re et de trouver celle qui correspond \u00e0 vos envies et \u00e0 votre projet.<\/p>\n\n\n\n<p><\/p>\n\n\n\n<p><img decoding=\"async\" draggable=\"false\" role=\"img\" class=\"emoji\" src=\"https:\/\/s.w.org\/images\/core\/emoji\/17.0.2\/svg\/1f4d8.svg\" alt=\"&#x1f4d8;\"> Il propose des informations claires et essentielles, ainsi que des ressources adapt\u00e9es pour les \u00e9l\u00e8ves \u00e0 besoins \u00e9ducatifs particuliers.<\/p>\n\n\n\n<p><\/p>\n\n\n\n<p>Parents, \u00e9l\u00e8ves : prenez le temps de d\u00e9couvrir ces informations pour construire sereinement votre orientation.<\/p>\n\n\n\n<p><\/p>\n\n\n\n<p><\/p>\n\n\n\n<figure class=\"wp-block-image size-full\"><a href=\"https:\/\/lycee-nisard.fr\/wp-content\/uploads\/2026\/03\/AFD07E2F-A02D-4305-930D-24064F62703F.png\"><img loading=\"lazy\" decoding=\"async\" width=\"644\" height=\"935\" src=\"https:\/\/lycee-nisard.fr\/wp-content\/uploads\/2026\/03\/AFD07E2F-A02D-4305-930D-24064F62703F.png\" alt=\"\" class=\"wp-image-7173\" srcset=\"https:\/\/lycee-nisard.fr\/wp-content\/uploads\/2026\/03\/AFD07E2F-A02D-4305-930D-24064F62703F.png 644w, https:\/\/lycee-nisard.fr\/wp-content\/uploads\/2026\/03\/AFD07E2F-A02D-4305-930D-24064F62703F-207x300.png 207w\" sizes=\"(max-width: 644px) 100vw, 644px\" \/><\/a><\/figure>\n\n\n\n<p>Cliquer pour t\u00e9l\u00e9charger le guide complet <img decoding=\"async\" draggable=\"false\" role=\"img\" class=\"emoji\" src=\"https:\/\/s.w.org\/images\/core\/emoji\/17.0.2\/svg\/2b07.svg\" alt=\"&#x2b07;&#xfe0f;\"><\/p>\n\n\n\n<div class=\"wp-block-file\"><a id=\"wp-block-file--media-db474a58-1288-4824-a292-8726da6d9c87\" href=\"https:\/\/lycee-nisard.fr\/wp-content\/uploads\/2026\/03\/GUIDE_APRES_BAC_RENTREE26.pdf\">GUIDE_APRES_BAC_RENTREE26<\/a><a href=\"https:\/\/lycee-nisard.fr\/wp-content\/uploads\/2026\/03\/GUIDE_APRES_BAC_RENTREE26.pdf\" class=\"wp-block-file__button wp-element-button\" download aria-describedby=\"wp-block-file--media-db474a58-1288-4824-a292-8726da6d9c87\">T\u00e9l\u00e9charger<\/a><\/div>\n","protected":false},"excerpt":{"rendered":"<p>Parcoursup 2025-2026 : les \u00e9tapes cl\u00e9s pour l\u2019orientation post-bac. Le calendrier Parcoursup 2025-2026 est d\u00e9sormais disponible. Il accompagne les \u00e9l\u00e8ves de terminale (et \u00e9tudiants en r\u00e9orientation) tout au long de leur projet d\u2019\u00e9tudes sup\u00e9rieures. Ce calendrier structur\u00e9 permet \u00e0 chacun d\u2019avancer sereinement, en respectant des \u00e9tapes essentielles pour r\u00e9ussir son entr\u00e9e dans l\u2019enseignement sup\u00e9rieur. Parents, &hellip; <a href=\"https:\/\/lycee-nisard.fr\/?page_id=3031\" class=\"more-link\">Continuer la lecture de <span class=\"screen-reader-text\">CALENDRIER PARCOURSUP et GUIDE ONISEP<\/span>  <span class=\"meta-nav\">&rarr;<\/span><\/a><\/p>\n","protected":false},"author":1,"featured_media":0,"parent":2994,"menu_order":0,"comment_status":"closed","ping_status":"closed","template":"","meta":{"saved_in_kubio":true,"footnotes":""},"class_list":["post-3031","page","type-page","status-publish","hentry"],"kubio_ai_page_context":{"short_desc":"","purpose":"general"},"_links":{"self":[{"href":"https:\/\/lycee-nisard.fr\/index.php?rest_route=\/wp\/v2\/pages\/3031","targetHints":{"allow":["GET"]}}],"collection":[{"href":"https:\/\/lycee-nisard.fr\/index.php?rest_route=\/wp\/v2\/pages"}],"about":[{"href":"https:\/\/lycee-nisard.fr\/index.php?rest_route=\/wp\/v2\/types\/page"}],"author":[{"embeddable":true,"href":"https:\/\/lycee-nisard.fr\/index.php?rest_route=\/wp\/v2\/users\/1"}],"replies":[{"embeddable":true,"href":"https:\/\/lycee-nisard.fr\/index.php?rest_route=%2Fwp%2Fv2%2Fcomments&post=3031"}],"version-history":[{"count":17,"href":"https:\/\/lycee-nisard.fr\/index.php?rest_route=\/wp\/v2\/pages\/3031\/revisions"}],"predecessor-version":[{"id":7176,"href":"https:\/\/lycee-nisard.fr\/index.php?rest_route=\/wp\/v2\/pages\/3031\/revisions\/7176"}],"up":[{"embeddable":true,"href":"https:\/\/lycee-nisard.fr\/index.php?rest_route=\/wp\/v2\/pages\/2994"}],"wp:attachment":[{"href":"https:\/\/lycee-nisard.fr\/index.php?rest_route=%2Fwp%2Fv2%2Fmedia&parent=3031"}],"curies":[{"name":"wp","href":"https:\/\/api.w.org\/{rel}","templated":true}]}}