{"id":3029,"date":"2018-12-11T15:49:22","date_gmt":"2018-12-11T14:49:22","guid":{"rendered":"http:\/\/lycee-nisard.fr\/?page_id=3029"},"modified":"2025-01-06T13:11:46","modified_gmt":"2025-01-06T12:11:46","slug":"journees-portes-ouvertes-post-bac","status":"publish","type":"page","link":"https:\/\/lycee-nisard.fr\/?page_id=3029","title":{"rendered":"Les rendez-vous du sup\u00e9rieur : JPO et salons"},"content":{"rendered":"\n<h2 class=\"wp-block-heading\">Salons, carrefours Acad\u00e9mie de Dijon<\/h2>\n\n\n\n<ul class=\"wp-block-list\">\n<li><strong>Carrefour des carri\u00e8res au f\u00e9minin<\/strong> : <em>23 janvier 202<\/em>5, Salle Devosge \u00e0 Dijon.<\/li>\n<\/ul>\n\n\n<div class=\"wp-block-image\">\n<figure class=\"aligncenter size-full\"><a href=\"http:\/\/lycee-nisard.fr\/wp-content\/uploads\/2025\/01\/feminin.jpg\"><img loading=\"lazy\" decoding=\"async\" width=\"1748\" height=\"2480\" src=\"http:\/\/lycee-nisard.fr\/wp-content\/uploads\/2025\/01\/feminin.jpg\" alt=\"\" class=\"wp-image-6549\" srcset=\"https:\/\/lycee-nisard.fr\/wp-content\/uploads\/2025\/01\/feminin.jpg 1748w, https:\/\/lycee-nisard.fr\/wp-content\/uploads\/2025\/01\/feminin-211x300.jpg 211w, https:\/\/lycee-nisard.fr\/wp-content\/uploads\/2025\/01\/feminin-722x1024.jpg 722w, https:\/\/lycee-nisard.fr\/wp-content\/uploads\/2025\/01\/feminin-768x1090.jpg 768w, https:\/\/lycee-nisard.fr\/wp-content\/uploads\/2025\/01\/feminin-1083x1536.jpg 1083w, https:\/\/lycee-nisard.fr\/wp-content\/uploads\/2025\/01\/feminin-1444x2048.jpg 1444w\" sizes=\"(max-width: 1748px) 100vw, 1748px\" \/><\/a><\/figure>\n<\/div>\n\n\n<ul class=\"wp-block-list\">\n<li><strong>Salon de l&rsquo;\u00e9tudiant<\/strong> : <em>samedi 25 Janvier 202<\/em>5 au parc des expositions de Dijon. toutes les infos<strong><a href=\"https:\/\/salon-de-l-etudiant-dijon.salon.letudiant.fr\/\" target=\"_blank\" rel=\"noreferrer noopener\"> ICI.<\/a><\/strong><\/li>\n<\/ul>\n\n\n<div class=\"wp-block-image\">\n<figure class=\"aligncenter size-full\"><a href=\"http:\/\/lycee-nisard.fr\/wp-content\/uploads\/2025\/01\/salon-etudiant-dijon-1-page-001.jpg\"><img loading=\"lazy\" decoding=\"async\" width=\"1241\" height=\"1754\" src=\"http:\/\/lycee-nisard.fr\/wp-content\/uploads\/2025\/01\/salon-etudiant-dijon-1-page-001.jpg\" alt=\"\" class=\"wp-image-6550\" srcset=\"https:\/\/lycee-nisard.fr\/wp-content\/uploads\/2025\/01\/salon-etudiant-dijon-1-page-001.jpg 1241w, https:\/\/lycee-nisard.fr\/wp-content\/uploads\/2025\/01\/salon-etudiant-dijon-1-page-001-212x300.jpg 212w, https:\/\/lycee-nisard.fr\/wp-content\/uploads\/2025\/01\/salon-etudiant-dijon-1-page-001-725x1024.jpg 725w, https:\/\/lycee-nisard.fr\/wp-content\/uploads\/2025\/01\/salon-etudiant-dijon-1-page-001-768x1085.jpg 768w, https:\/\/lycee-nisard.fr\/wp-content\/uploads\/2025\/01\/salon-etudiant-dijon-1-page-001-1087x1536.jpg 1087w\" sizes=\"(max-width: 1241px) 100vw, 1241px\" \/><\/a><\/figure>\n<\/div>\n\n\n<h5 class=\"wp-block-heading\">Retrouvez toutes les dates des journ\u00e9es portes ouvertes de l&rsquo;enseignement sup\u00e9rieur dans l&rsquo;Acad\u00e9mie de Dijon, <a href=\"https:\/\/www.jeunes-bfc.fr\/journees-portes-ouvertes-2025-en-bourgogne-franche-comte\/#:~:text=Vendredi%207%20et%20Samedi%208,campus%20de%20M%C3%A2con%20(71).\" data-type=\"link\" data-id=\"https:\/\/www.jeunes-bfc.fr\/journees-portes-ouvertes-2025-en-bourgogne-franche-comte\/#:~:text=Vendredi%207%20et%20Samedi%208,campus%20de%20M%C3%A2con%20(71).\">ICI<\/a><\/h5>\n\n\n\n<p><\/p>\n","protected":false},"excerpt":{"rendered":"<p>Salons, carrefours Acad\u00e9mie de Dijon Retrouvez toutes les dates des journ\u00e9es portes ouvertes de l&rsquo;enseignement sup\u00e9rieur dans l&rsquo;Acad\u00e9mie de Dijon, ICI<\/p>\n","protected":false},"author":1,"featured_media":0,"parent":2994,"menu_order":0,"comment_status":"closed","ping_status":"closed","template":"","meta":{"saved_in_kubio":false,"footnotes":""},"class_list":["post-3029","page","type-page","status-publish","hentry"],"kubio_ai_page_context":{"short_desc":"","purpose":"general"},"_links":{"self":[{"href":"https:\/\/lycee-nisard.fr\/index.php?rest_route=\/wp\/v2\/pages\/3029","targetHints":{"allow":["GET"]}}],"collection":[{"href":"https:\/\/lycee-nisard.fr\/index.php?rest_route=\/wp\/v2\/pages"}],"about":[{"href":"https:\/\/lycee-nisard.fr\/index.php?rest_route=\/wp\/v2\/types\/page"}],"author":[{"embeddable":true,"href":"https:\/\/lycee-nisard.fr\/index.php?rest_route=\/wp\/v2\/users\/1"}],"replies":[{"embeddable":true,"href":"https:\/\/lycee-nisard.fr\/index.php?rest_route=%2Fwp%2Fv2%2Fcomments&post=3029"}],"version-history":[{"count":58,"href":"https:\/\/lycee-nisard.fr\/index.php?rest_route=\/wp\/v2\/pages\/3029\/revisions"}],"predecessor-version":[{"id":6551,"href":"https:\/\/lycee-nisard.fr\/index.php?rest_route=\/wp\/v2\/pages\/3029\/revisions\/6551"}],"up":[{"embeddable":true,"href":"https:\/\/lycee-nisard.fr\/index.php?rest_route=\/wp\/v2\/pages\/2994"}],"wp:attachment":[{"href":"https:\/\/lycee-nisard.fr\/index.php?rest_route=%2Fwp%2Fv2%2Fmedia&parent=3029"}],"curies":[{"name":"wp","href":"https:\/\/api.w.org\/{rel}","templated":true}]}}

Les rendez-vous du supérieur : JPO et salons

<h2 class="wp-block-heading">Salons, carrefours Académie de Dijon</h2>



<ul class="wp-block-list">
<li><strong>Carrefour des carrières au féminin</strong> : <em>23 janvier 202</em>5, Salle Devosge à Dijon.</li>
</ul>


<div class="wp-block-image">
<figure class="aligncenter size-full"><a href="http://lycee-nisard.fr/wp-content/uploads/2025/01/feminin.jpg"><img loading="lazy" decoding="async" width="1748" height="2480" src="http://lycee-nisard.fr/wp-content/uploads/2025/01/feminin.jpg" alt="" class="wp-image-6549" srcset="https://lycee-nisard.fr/wp-content/uploads/2025/01/feminin.jpg 1748w, https://lycee-nisard.fr/wp-content/uploads/2025/01/feminin-211x300.jpg 211w, https://lycee-nisard.fr/wp-content/uploads/2025/01/feminin-722x1024.jpg 722w, https://lycee-nisard.fr/wp-content/uploads/2025/01/feminin-768x1090.jpg 768w, https://lycee-nisard.fr/wp-content/uploads/2025/01/feminin-1083x1536.jpg 1083w, https://lycee-nisard.fr/wp-content/uploads/2025/01/feminin-1444x2048.jpg 1444w" sizes="(max-width: 1748px) 100vw, 1748px" /></a></figure>
</div>


<ul class="wp-block-list">
<li><strong>Salon de l&rsquo;étudiant</strong> : <em>samedi 25 Janvier 202</em>5 au parc des expositions de Dijon. toutes les infos<strong><a href="https://salon-de-l-etudiant-dijon.salon.letudiant.fr/" target="_blank" rel="noreferrer noopener"> ICI.</a></strong></li>
</ul>


<div class="wp-block-image">
<figure class="aligncenter size-full"><a href="http://lycee-nisard.fr/wp-content/uploads/2025/01/salon-etudiant-dijon-1-page-001.jpg"><img loading="lazy" decoding="async" width="1241" height="1754" src="http://lycee-nisard.fr/wp-content/uploads/2025/01/salon-etudiant-dijon-1-page-001.jpg" alt="" class="wp-image-6550" srcset="https://lycee-nisard.fr/wp-content/uploads/2025/01/salon-etudiant-dijon-1-page-001.jpg 1241w, https://lycee-nisard.fr/wp-content/uploads/2025/01/salon-etudiant-dijon-1-page-001-212x300.jpg 212w, https://lycee-nisard.fr/wp-content/uploads/2025/01/salon-etudiant-dijon-1-page-001-725x1024.jpg 725w, https://lycee-nisard.fr/wp-content/uploads/2025/01/salon-etudiant-dijon-1-page-001-768x1085.jpg 768w, https://lycee-nisard.fr/wp-content/uploads/2025/01/salon-etudiant-dijon-1-page-001-1087x1536.jpg 1087w" sizes="(max-width: 1241px) 100vw, 1241px" /></a></figure>
</div>


<h5 class="wp-block-heading">Retrouvez toutes les dates des journées portes ouvertes de l&rsquo;enseignement supérieur dans l&rsquo;Académie de Dijon, <a href="https://www.jeunes-bfc.fr/journees-portes-ouvertes-2025-en-bourgogne-franche-comte/#:~:text=Vendredi%207%20et%20Samedi%208,campus%20de%20M%C3%A2con%20(71)." data-type="link" data-id="https://www.jeunes-bfc.fr/journees-portes-ouvertes-2025-en-bourgogne-franche-comte/#:~:text=Vendredi%207%20et%20Samedi%208,campus%20de%20M%C3%A2con%20(71).">ICI</a></h5>



<p></p>

<p>Salons, carrefours Académie de Dijon Retrouvez toutes les dates des journées portes ouvertes de l&rsquo;enseignement supérieur dans l&rsquo;Académie de Dijon, ICI</p>
