{"id":2994,"date":"2018-11-29T15:50:18","date_gmt":"2018-11-29T14:50:18","guid":{"rendered":"http:\/\/lycee-nisard.fr\/?page_id=2994"},"modified":"2025-01-13T14:21:50","modified_gmt":"2025-01-13T13:21:50","slug":"orientation","status":"publish","type":"page","link":"https:\/\/lycee-nisard.fr\/?page_id=2994","title":{"rendered":"ORIENTATION"},"content":{"rendered":"\n<p>Actualit\u00e9s concernant l&rsquo;orientation des \u00e9l\u00e8ves :<\/p>\n\n\n\n<ul class=\"wp-block-list\">\n<li>Choix des enseignements de sp\u00e9cialit\u00e9s<\/li>\n\n\n\n<li>Dates rencontres professionnelles \/ JPO<\/li>\n\n\n\n<li>Informations PARCOURSUP<\/li>\n<\/ul>\n","protected":false},"excerpt":{"rendered":"<p>Actualit\u00e9s concernant l&rsquo;orientation des \u00e9l\u00e8ves :<\/p>\n","protected":false},"author":1,"featured_media":0,"parent":0,"menu_order":4,"comment_status":"closed","ping_status":"closed","template":"","meta":{"saved_in_kubio":false,"footnotes":""},"class_list":["post-2994","page","type-page","status-publish","hentry"],"kubio_ai_page_context":{"short_desc":"","purpose":"general"},"_links":{"self":[{"href":"https:\/\/lycee-nisard.fr\/index.php?rest_route=\/wp\/v2\/pages\/2994","targetHints":{"allow":["GET"]}}],"collection":[{"href":"https:\/\/lycee-nisard.fr\/index.php?rest_route=\/wp\/v2\/pages"}],"about":[{"href":"https:\/\/lycee-nisard.fr\/index.php?rest_route=\/wp\/v2\/types\/page"}],"author":[{"embeddable":true,"href":"https:\/\/lycee-nisard.fr\/index.php?rest_route=\/wp\/v2\/users\/1"}],"replies":[{"embeddable":true,"href":"https:\/\/lycee-nisard.fr\/index.php?rest_route=%2Fwp%2Fv2%2Fcomments&post=2994"}],"version-history":[{"count":3,"href":"https:\/\/lycee-nisard.fr\/index.php?rest_route=\/wp\/v2\/pages\/2994\/revisions"}],"predecessor-version":[{"id":6596,"href":"https:\/\/lycee-nisard.fr\/index.php?rest_route=\/wp\/v2\/pages\/2994\/revisions\/6596"}],"wp:attachment":[{"href":"https:\/\/lycee-nisard.fr\/index.php?rest_route=%2Fwp%2Fv2%2Fmedia&parent=2994"}],"curies":[{"name":"wp","href":"https:\/\/api.w.org\/{rel}","templated":true}]}}