{"id":2691,"date":"2018-02-01T17:43:49","date_gmt":"2018-02-01T16:43:49","guid":{"rendered":"http:\/\/lycee-nisard.fr\/?page_id=2691"},"modified":"2023-03-03T11:16:19","modified_gmt":"2023-03-03T10:16:19","slug":"la-mallette-des-parents","status":"publish","type":"page","link":"https:\/\/lycee-nisard.fr\/?page_id=2691","title":{"rendered":"La mallette des parents"},"content":{"rendered":"<p><strong>Plateforme vous guidant dans l&rsquo;ensemble de vos d\u00e9marches pour :<\/strong><\/p>\n<ul>\n<li style=\"text-align: left;\"><strong>S&rsquo;orienter<\/strong><\/li>\n<li style=\"text-align: left;\"><strong>Se d\u00e9placer<\/strong><\/li>\n<li style=\"text-align: left;\"><strong>Se loger<\/strong><\/li>\n<li style=\"text-align: left;\"><strong>Se soigner<\/strong><\/li>\n<li style=\"text-align: left;\"><strong>Bien vivre ses \u00e9tudes<\/strong><\/li>\n<li style=\"text-align: left;\"><strong>Financer<\/strong><\/li>\n<\/ul>\n\n\n<div class=\"wp-block-image\"><figure class=\"aligncenter is-resized\"><a href=\"https:\/\/mallettedesparents.education.gouv.fr\/\" target=\"_blank\" rel=\"noreferrer noopener\"><img loading=\"lazy\" decoding=\"async\" src=\"http:\/\/lycee-nisard.fr\/wp-content\/uploads\/2023\/03\/MalletteParents-1024x617.png\" alt=\"\" class=\"wp-image-5245\" width=\"381\" height=\"282\"\/><\/a><figcaption>Cliquer sur l&rsquo;image pour acc\u00e9der au site<\/figcaption><\/figure><\/div>\n","protected":false},"excerpt":{"rendered":"<p>Plateforme vous guidant dans l&rsquo;ensemble de vos d\u00e9marches pour : S&rsquo;orienter Se d\u00e9placer Se loger Se soigner Bien vivre ses \u00e9tudes Financer<\/p>\n","protected":false},"author":1,"featured_media":0,"parent":2687,"menu_order":2,"comment_status":"closed","ping_status":"closed","template":"","meta":{"saved_in_kubio":false,"footnotes":""},"class_list":["post-2691","page","type-page","status-publish","hentry"],"kubio_ai_page_context":{"short_desc":"","purpose":"general"},"_links":{"self":[{"href":"https:\/\/lycee-nisard.fr\/index.php?rest_route=\/wp\/v2\/pages\/2691","targetHints":{"allow":["GET"]}}],"collection":[{"href":"https:\/\/lycee-nisard.fr\/index.php?rest_route=\/wp\/v2\/pages"}],"about":[{"href":"https:\/\/lycee-nisard.fr\/index.php?rest_route=\/wp\/v2\/types\/page"}],"author":[{"embeddable":true,"href":"https:\/\/lycee-nisard.fr\/index.php?rest_route=\/wp\/v2\/users\/1"}],"replies":[{"embeddable":true,"href":"https:\/\/lycee-nisard.fr\/index.php?rest_route=%2Fwp%2Fv2%2Fcomments&post=2691"}],"version-history":[{"count":6,"href":"https:\/\/lycee-nisard.fr\/index.php?rest_route=\/wp\/v2\/pages\/2691\/revisions"}],"predecessor-version":[{"id":5247,"href":"https:\/\/lycee-nisard.fr\/index.php?rest_route=\/wp\/v2\/pages\/2691\/revisions\/5247"}],"up":[{"embeddable":true,"href":"https:\/\/lycee-nisard.fr\/index.php?rest_route=\/wp\/v2\/pages\/2687"}],"wp:attachment":[{"href":"https:\/\/lycee-nisard.fr\/index.php?rest_route=%2Fwp%2Fv2%2Fmedia&parent=2691"}],"curies":[{"name":"wp","href":"https:\/\/api.w.org\/{rel}","templated":true}]}}