{"id":2643,"date":"2018-01-31T10:04:37","date_gmt":"2018-01-31T09:04:37","guid":{"rendered":"http:\/\/lycee-nisard.fr\/?page_id=2643"},"modified":"2026-03-17T17:04:37","modified_gmt":"2026-03-17T16:04:37","slug":"bac-pro-assp","status":"publish","type":"page","link":"https:\/\/lycee-nisard.fr\/?page_id=2643","title":{"rendered":"Bac Pro ASSP"},"content":{"rendered":"\n<div data-wp-interactive=\"core\/file\" class=\"wp-block-file\"><object data-wp-bind--hidden=\"!state.hasPdfPreview\" hidden class=\"wp-block-file__embed\" data=\"http:\/\/lycee-nisard.fr\/wp-content\/uploads\/2026\/03\/FLYER-ASSP.pdf\" type=\"application\/pdf\" style=\"width:100%;height:600px\" aria-label=\"Contenu embarqu\u00e9 FLYER ASSP.\"><\/object><a id=\"wp-block-file--media-b522491f-b26b-4f63-bac7-2ebd7c289b8d\" href=\"http:\/\/lycee-nisard.fr\/wp-content\/uploads\/2026\/03\/FLYER-ASSP.pdf\">FLYER ASSP<\/a><a href=\"http:\/\/lycee-nisard.fr\/wp-content\/uploads\/2026\/03\/FLYER-ASSP.pdf\" class=\"wp-block-file__button wp-element-button\" download aria-describedby=\"wp-block-file--media-b522491f-b26b-4f63-bac7-2ebd7c289b8d\">T\u00e9l\u00e9charger<\/a><\/div>\n\n\n\n\n\n<p><img decoding=\"async\" draggable=\"false\" role=\"img\" class=\"emoji\" src=\"https:\/\/s.w.org\/images\/core\/emoji\/17.0.2\/svg\/1f393.svg\" alt=\"&#x1f393;\"> <strong>BAC PRO ASSP \u2013 Accompagnement, Soins et Services \u00e0 la Personne<\/strong> <img decoding=\"async\" draggable=\"false\" role=\"img\" class=\"emoji\" src=\"https:\/\/s.w.org\/images\/core\/emoji\/17.0.2\/svg\/1fa7a.svg\" alt=\"&#x1fa7a;\"><img decoding=\"async\" draggable=\"false\" role=\"img\" class=\"emoji\" src=\"https:\/\/s.w.org\/images\/core\/emoji\/17.0.2\/svg\/1f476.svg\" alt=\"&#x1f476;\"><img decoding=\"async\" draggable=\"false\" role=\"img\" class=\"emoji\" src=\"https:\/\/s.w.org\/images\/core\/emoji\/17.0.2\/svg\/1f475.svg\" alt=\"&#x1f475;\"><\/p>\n\n\n\n<p><\/p>\n\n\n\n<p>Le lyc\u00e9e propose le <strong>BAC PRO ASSP<\/strong>, une formation qui permet d\u2019acqu\u00e9rir des comp\u00e9tences dans le <strong>secteur sanitaire et social<\/strong> et de travailler au plus pr\u00e8s des personnes.<br><\/p>\n\n\n\n<p><img decoding=\"async\" draggable=\"false\" role=\"img\" class=\"emoji\" src=\"https:\/\/s.w.org\/images\/core\/emoji\/17.0.2\/svg\/2728.svg\" alt=\"&#x2728;\"> <strong>Cette formation est faite pour vous si vous aimez :<\/strong><br><img decoding=\"async\" draggable=\"false\" role=\"img\" class=\"emoji\" src=\"https:\/\/s.w.org\/images\/core\/emoji\/17.0.2\/svg\/1f91d.svg\" alt=\"&#x1f91d;\"> <strong>Accompagner<\/strong> les personnes au quotidien<br><img decoding=\"async\" draggable=\"false\" role=\"img\" class=\"emoji\" src=\"https:\/\/s.w.org\/images\/core\/emoji\/17.0.2\/svg\/1f5e3.svg\" alt=\"&#x1f5e3;&#xfe0f;\"> <strong>Communiquer<\/strong> et cr\u00e9er du lien<br><img decoding=\"async\" draggable=\"false\" role=\"img\" class=\"emoji\" src=\"https:\/\/s.w.org\/images\/core\/emoji\/17.0.2\/svg\/1f4cb.svg\" alt=\"&#x1f4cb;\"> <strong>Organiser<\/strong> des activit\u00e9s et des actions<br><img decoding=\"async\" draggable=\"false\" role=\"img\" class=\"emoji\" src=\"https:\/\/s.w.org\/images\/core\/emoji\/17.0.2\/svg\/1f6e0.svg\" alt=\"&#x1f6e0;&#xfe0f;\"> <strong>R\u00e9aliser<\/strong> des soins et services adapt\u00e9s<\/p>\n\n\n\n<p><\/p>\n\n\n\n<p><img decoding=\"async\" draggable=\"false\" role=\"img\" class=\"emoji\" src=\"https:\/\/s.w.org\/images\/core\/emoji\/17.0.2\/svg\/1f4da.svg\" alt=\"&#x1f4da;\"> <strong>La formation<\/strong><br>Pendant 3 ans, les \u00e9l\u00e8ves apprennent \u00e0 :<br><img decoding=\"async\" draggable=\"false\" role=\"img\" class=\"emoji\" src=\"https:\/\/s.w.org\/images\/core\/emoji\/17.0.2\/svg\/1f9fc.svg\" alt=\"&#x1f9fc;\"> <strong>Assurer l\u2019hygi\u00e8ne<\/strong> de la personne et de son environnement<br><img decoding=\"async\" draggable=\"false\" role=\"img\" class=\"emoji\" src=\"https:\/\/s.w.org\/images\/core\/emoji\/17.0.2\/svg\/1f957.svg\" alt=\"&#x1f957;\"> <strong>Pr\u00e9parer des collations<\/strong> et concevoir des <strong>repas \u00e9quilibr\u00e9s<\/strong><br><img decoding=\"async\" draggable=\"false\" role=\"img\" class=\"emoji\" src=\"https:\/\/s.w.org\/images\/core\/emoji\/17.0.2\/svg\/1f4a1.svg\" alt=\"&#x1f4a1;\"> <strong>Mettre en place des projets d\u2019accompagnement<\/strong> respectueux de la personne<\/p>\n\n\n\n<p><\/p>\n\n\n\n<p><img decoding=\"async\" draggable=\"false\" role=\"img\" class=\"emoji\" src=\"https:\/\/s.w.org\/images\/core\/emoji\/17.0.2\/svg\/1f3e2.svg\" alt=\"&#x1f3e2;\"> <strong>P\u00e9riodes de formation en milieu professionnel<\/strong><br>Les \u00e9l\u00e8ves effectuent <strong>22 semaines de stage sur 3 ans<\/strong> dans :<br><img decoding=\"async\" draggable=\"false\" role=\"img\" class=\"emoji\" src=\"https:\/\/s.w.org\/images\/core\/emoji\/17.0.2\/svg\/1f3e5.svg\" alt=\"&#x1f3e5;\"> Structures sociales ou m\u00e9dico-sociales<br><img decoding=\"async\" draggable=\"false\" role=\"img\" class=\"emoji\" src=\"https:\/\/s.w.org\/images\/core\/emoji\/17.0.2\/svg\/1f476.svg\" alt=\"&#x1f476;\"> Structures de la petite enfance<br><img decoding=\"async\" draggable=\"false\" role=\"img\" class=\"emoji\" src=\"https:\/\/s.w.org\/images\/core\/emoji\/17.0.2\/svg\/1f3e0.svg\" alt=\"&#x1f3e0;\"> Associations ou structures d\u2019aide \u00e0 domicile<\/p>\n\n\n\n<p><\/p>\n\n\n\n<p><img decoding=\"async\" draggable=\"false\" role=\"img\" class=\"emoji\" src=\"https:\/\/s.w.org\/images\/core\/emoji\/17.0.2\/svg\/1f4bc.svg\" alt=\"&#x1f4bc;\"> <strong>M\u00e9tiers accessibles apr\u00e8s le BAC PRO ASSP :<\/strong><br><img decoding=\"async\" draggable=\"false\" role=\"img\" class=\"emoji\" src=\"https:\/\/s.w.org\/images\/core\/emoji\/17.0.2\/svg\/1f468-200d-1f4bc.svg\" alt=\"&#x1f468;&#x200d;&#x1f4bc;\"> Assistant de responsable de secteur<br><img decoding=\"async\" draggable=\"false\" role=\"img\" class=\"emoji\" src=\"https:\/\/s.w.org\/images\/core\/emoji\/17.0.2\/svg\/1f91d.svg\" alt=\"&#x1f91d;\"> Accompagnant de personnes en situation de <strong>handicap ou de d\u00e9pendance<\/strong><br><img decoding=\"async\" draggable=\"false\" role=\"img\" class=\"emoji\" src=\"https:\/\/s.w.org\/images\/core\/emoji\/17.0.2\/svg\/1f3e1.svg\" alt=\"&#x1f3e1;\"> Accueillant familial<\/p>\n\n\n\n<p><\/p>\n\n\n\n<p>&#x1f4d6; <strong>Poursuite d\u2019\u00e9tudes possibles :<\/strong><\/p>\n\n\n\n<ul class=\"wp-block-list\">\n<li>BTS <strong>\u00c9conomie Sociale et Familiale (BTS ESF)<\/strong><\/li>\n\n\n\n<li>BTS <strong>Services et Prestations des Secteurs Sanitaire et Social (BTS SP3S)<\/strong><\/li>\n\n\n\n<li><strong>DUT Carri\u00e8res Sociales<\/strong><\/li>\n\n\n\n<li><\/li>\n<\/ul>\n\n\n\n<p><img decoding=\"async\" draggable=\"false\" role=\"img\" class=\"emoji\" src=\"https:\/\/s.w.org\/images\/core\/emoji\/17.0.2\/svg\/1f3c6.svg\" alt=\"&#x1f3c6;\"> <strong>Concours et dipl\u00f4mes d\u2019\u00c9tat :<\/strong><br><img decoding=\"async\" draggable=\"false\" role=\"img\" class=\"emoji\" src=\"https:\/\/s.w.org\/images\/core\/emoji\/17.0.2\/svg\/1fa7a.svg\" alt=\"&#x1fa7a;\"> <strong>Aide-soignant<\/strong><br><img decoding=\"async\" draggable=\"false\" role=\"img\" class=\"emoji\" src=\"https:\/\/s.w.org\/images\/core\/emoji\/17.0.2\/svg\/1f476.svg\" alt=\"&#x1f476;\"> <strong>Auxiliaire de pu\u00e9riculture<\/strong><br><img decoding=\"async\" draggable=\"false\" role=\"img\" class=\"emoji\" src=\"https:\/\/s.w.org\/images\/core\/emoji\/17.0.2\/svg\/1f468-200d-1f469-200d-1f467.svg\" alt=\"&#x1f468;&#x200d;&#x1f469;&#x200d;&#x1f467;\"> <strong>Technicien de l\u2019intervention sociale et familiale<\/strong><\/p>\n\n\n\n<p><\/p>\n\n\n\n<p><\/p>\n\n\n\n<p><img decoding=\"async\" draggable=\"false\" role=\"img\" class=\"emoji\" src=\"https:\/\/s.w.org\/images\/core\/emoji\/17.0.2\/svg\/1f4a1.svg\" alt=\"&#x1f4a1;\"> <strong>Le BAC PRO ASSP<\/strong>, c\u2019est une formation id\u00e9ale pour celles et ceux qui souhaitent <strong>aider, accompagner et prendre soin des autres<\/strong>, tout en d\u00e9veloppant des comp\u00e9tences concr\u00e8tes et professionnelles. <img decoding=\"async\" draggable=\"false\" role=\"img\" class=\"emoji\" src=\"https:\/\/s.w.org\/images\/core\/emoji\/17.0.2\/svg\/2764.svg\" alt=\"&#x2764;&#xfe0f;\"><\/p>\n\n\n\n<p><\/p>\n\n\n\n<figure class=\"wp-block-embed is-type-video is-provider-youtube wp-block-embed-youtube wp-embed-aspect-16-9 wp-has-aspect-ratio\"><div class=\"wp-block-embed__wrapper\">\n<iframe loading=\"lazy\" title=\"Salles de Bac Pro ASSP - LDN\" width=\"474\" height=\"267\" src=\"https:\/\/www.youtube.com\/embed\/fZY7NeCbjro?feature=oembed\" frameborder=\"0\" allow=\"accelerometer; autoplay; clipboard-write; encrypted-media; gyroscope; picture-in-picture; web-share\" referrerpolicy=\"strict-origin-when-cross-origin\" allowfullscreen><\/iframe>\n<\/div><\/figure>\n\n\n\n<p><\/p>\n\n\n","protected":false},"excerpt":{"rendered":"<p>BAC PRO ASSP \u2013 Accompagnement, Soins et Services \u00e0 la Personne Le lyc\u00e9e propose le BAC PRO ASSP, une formation qui permet d\u2019acqu\u00e9rir des comp\u00e9tences dans le secteur sanitaire et social et de travailler au plus pr\u00e8s des personnes. Cette formation est faite pour vous si vous aimez : Accompagner les personnes au quotidien Communiquer &hellip; <a href=\"https:\/\/lycee-nisard.fr\/?page_id=2643\" class=\"more-link\">Continuer la lecture de <span class=\"screen-reader-text\">Bac Pro ASSP<\/span>  <span class=\"meta-nav\">&rarr;<\/span><\/a><\/p>\n","protected":false},"author":1,"featured_media":0,"parent":4846,"menu_order":0,"comment_status":"closed","ping_status":"closed","template":"","meta":{"saved_in_kubio":true,"footnotes":""},"class_list":["post-2643","page","type-page","status-publish","hentry"],"kubio_ai_page_context":{"short_desc":"","purpose":"general"},"_links":{"self":[{"href":"https:\/\/lycee-nisard.fr\/index.php?rest_route=\/wp\/v2\/pages\/2643","targetHints":{"allow":["GET"]}}],"collection":[{"href":"https:\/\/lycee-nisard.fr\/index.php?rest_route=\/wp\/v2\/pages"}],"about":[{"href":"https:\/\/lycee-nisard.fr\/index.php?rest_route=\/wp\/v2\/types\/page"}],"author":[{"embeddable":true,"href":"https:\/\/lycee-nisard.fr\/index.php?rest_route=\/wp\/v2\/users\/1"}],"replies":[{"embeddable":true,"href":"https:\/\/lycee-nisard.fr\/index.php?rest_route=%2Fwp%2Fv2%2Fcomments&post=2643"}],"version-history":[{"count":4,"href":"https:\/\/lycee-nisard.fr\/index.php?rest_route=\/wp\/v2\/pages\/2643\/revisions"}],"predecessor-version":[{"id":7144,"href":"https:\/\/lycee-nisard.fr\/index.php?rest_route=\/wp\/v2\/pages\/2643\/revisions\/7144"}],"up":[{"embeddable":true,"href":"https:\/\/lycee-nisard.fr\/index.php?rest_route=\/wp\/v2\/pages\/4846"}],"wp:attachment":[{"href":"https:\/\/lycee-nisard.fr\/index.php?rest_route=%2Fwp%2Fv2%2Fmedia&parent=2643"}],"curies":[{"name":"wp","href":"https:\/\/api.w.org\/{rel}","templated":true}]}}

<div data-wp-interactive="core/file" class="wp-block-file"><object data-wp-bind--hidden="!state.hasPdfPreview" hidden class="wp-block-file__embed" data="http://lycee-nisard.fr/wp-content/uploads/2026/03/FLYER-ASSP.pdf" type="application/pdf" style="width:100%;height:600px" aria-label="Contenu embarqué FLYER ASSP."></object><a id="wp-block-file--media-b522491f-b26b-4f63-bac7-2ebd7c289b8d" href="http://lycee-nisard.fr/wp-content/uploads/2026/03/FLYER-ASSP.pdf">FLYER ASSP</a><a href="http://lycee-nisard.fr/wp-content/uploads/2026/03/FLYER-ASSP.pdf" class="wp-block-file__button wp-element-button" download aria-describedby="wp-block-file--media-b522491f-b26b-4f63-bac7-2ebd7c289b8d">Télécharger</a></div>





<p><img decoding="async" draggable="false" role="img" class="emoji" src="https://s.w.org/images/core/emoji/17.0.2/svg/1f393.svg" alt="&#x1f393;"> <strong>BAC PRO ASSP – Accompagnement, Soins et Services à la Personne</strong> <img decoding="async" draggable="false" role="img" class="emoji" src="https://s.w.org/images/core/emoji/17.0.2/svg/1fa7a.svg" alt="&#x1fa7a;"><img decoding="async" draggable="false" role="img" class="emoji" src="https://s.w.org/images/core/emoji/17.0.2/svg/1f476.svg" alt="&#x1f476;"><img decoding="async" draggable="false" role="img" class="emoji" src="https://s.w.org/images/core/emoji/17.0.2/svg/1f475.svg" alt="&#x1f475;"></p>



<p></p>



<p>Le lycée propose le <strong>BAC PRO ASSP</strong>, une formation qui permet d’acquérir des compétences dans le <strong>secteur sanitaire et social</strong> et de travailler au plus près des personnes.<br></p>



<p><img decoding="async" draggable="false" role="img" class="emoji" src="https://s.w.org/images/core/emoji/17.0.2/svg/2728.svg" alt="&#x2728;"> <strong>Cette formation est faite pour vous si vous aimez :</strong><br><img decoding="async" draggable="false" role="img" class="emoji" src="https://s.w.org/images/core/emoji/17.0.2/svg/1f91d.svg" alt="&#x1f91d;"> <strong>Accompagner</strong> les personnes au quotidien<br><img decoding="async" draggable="false" role="img" class="emoji" src="https://s.w.org/images/core/emoji/17.0.2/svg/1f5e3.svg" alt="&#x1f5e3;&#xfe0f;"> <strong>Communiquer</strong> et créer du lien<br><img decoding="async" draggable="false" role="img" class="emoji" src="https://s.w.org/images/core/emoji/17.0.2/svg/1f4cb.svg" alt="&#x1f4cb;"> <strong>Organiser</strong> des activités et des actions<br><img decoding="async" draggable="false" role="img" class="emoji" src="https://s.w.org/images/core/emoji/17.0.2/svg/1f6e0.svg" alt="&#x1f6e0;&#xfe0f;"> <strong>Réaliser</strong> des soins et services adaptés</p>



<p></p>



<p><img decoding="async" draggable="false" role="img" class="emoji" src="https://s.w.org/images/core/emoji/17.0.2/svg/1f4da.svg" alt="&#x1f4da;"> <strong>La formation</strong><br>Pendant 3 ans, les élèves apprennent à :<br><img decoding="async" draggable="false" role="img" class="emoji" src="https://s.w.org/images/core/emoji/17.0.2/svg/1f9fc.svg" alt="&#x1f9fc;"> <strong>Assurer l’hygiène</strong> de la personne et de son environnement<br><img decoding="async" draggable="false" role="img" class="emoji" src="https://s.w.org/images/core/emoji/17.0.2/svg/1f957.svg" alt="&#x1f957;"> <strong>Préparer des collations</strong> et concevoir des <strong>repas équilibrés</strong><br><img decoding="async" draggable="false" role="img" class="emoji" src="https://s.w.org/images/core/emoji/17.0.2/svg/1f4a1.svg" alt="&#x1f4a1;"> <strong>Mettre en place des projets d’accompagnement</strong> respectueux de la personne</p>



<p></p>



<p><img decoding="async" draggable="false" role="img" class="emoji" src="https://s.w.org/images/core/emoji/17.0.2/svg/1f3e2.svg" alt="&#x1f3e2;"> <strong>Périodes de formation en milieu professionnel</strong><br>Les élèves effectuent <strong>22 semaines de stage sur 3 ans</strong> dans :<br><img decoding="async" draggable="false" role="img" class="emoji" src="https://s.w.org/images/core/emoji/17.0.2/svg/1f3e5.svg" alt="&#x1f3e5;"> Structures sociales ou médico-sociales<br><img decoding="async" draggable="false" role="img" class="emoji" src="https://s.w.org/images/core/emoji/17.0.2/svg/1f476.svg" alt="&#x1f476;"> Structures de la petite enfance<br><img decoding="async" draggable="false" role="img" class="emoji" src="https://s.w.org/images/core/emoji/17.0.2/svg/1f3e0.svg" alt="&#x1f3e0;"> Associations ou structures d’aide à domicile</p>



<p></p>



<p><img decoding="async" draggable="false" role="img" class="emoji" src="https://s.w.org/images/core/emoji/17.0.2/svg/1f4bc.svg" alt="&#x1f4bc;"> <strong>Métiers accessibles après le BAC PRO ASSP :</strong><br><img decoding="async" draggable="false" role="img" class="emoji" src="https://s.w.org/images/core/emoji/17.0.2/svg/1f468-200d-1f4bc.svg" alt="&#x1f468;&#x200d;&#x1f4bc;"> Assistant de responsable de secteur<br><img decoding="async" draggable="false" role="img" class="emoji" src="https://s.w.org/images/core/emoji/17.0.2/svg/1f91d.svg" alt="&#x1f91d;"> Accompagnant de personnes en situation de <strong>handicap ou de dépendance</strong><br><img decoding="async" draggable="false" role="img" class="emoji" src="https://s.w.org/images/core/emoji/17.0.2/svg/1f3e1.svg" alt="&#x1f3e1;"> Accueillant familial</p>



<p></p>



<p>&#x1f4d6; <strong>Poursuite d’études possibles :</strong></p>



<ul class="wp-block-list">
<li>BTS <strong>Économie Sociale et Familiale (BTS ESF)</strong></li>



<li>BTS <strong>Services et Prestations des Secteurs Sanitaire et Social (BTS SP3S)</strong></li>



<li><strong>DUT Carrières Sociales</strong></li>



<li></li>
</ul>



<p><img decoding="async" draggable="false" role="img" class="emoji" src="https://s.w.org/images/core/emoji/17.0.2/svg/1f3c6.svg" alt="&#x1f3c6;"> <strong>Concours et diplômes d’État :</strong><br><img decoding="async" draggable="false" role="img" class="emoji" src="https://s.w.org/images/core/emoji/17.0.2/svg/1fa7a.svg" alt="&#x1fa7a;"> <strong>Aide-soignant</strong><br><img decoding="async" draggable="false" role="img" class="emoji" src="https://s.w.org/images/core/emoji/17.0.2/svg/1f476.svg" alt="&#x1f476;"> <strong>Auxiliaire de puériculture</strong><br><img decoding="async" draggable="false" role="img" class="emoji" src="https://s.w.org/images/core/emoji/17.0.2/svg/1f468-200d-1f469-200d-1f467.svg" alt="&#x1f468;&#x200d;&#x1f469;&#x200d;&#x1f467;"> <strong>Technicien de l’intervention sociale et familiale</strong></p>



<p></p>



<p></p>



<p><img decoding="async" draggable="false" role="img" class="emoji" src="https://s.w.org/images/core/emoji/17.0.2/svg/1f4a1.svg" alt="&#x1f4a1;"> <strong>Le BAC PRO ASSP</strong>, c’est une formation idéale pour celles et ceux qui souhaitent <strong>aider, accompagner et prendre soin des autres</strong>, tout en développant des compétences concrètes et professionnelles. <img decoding="async" draggable="false" role="img" class="emoji" src="https://s.w.org/images/core/emoji/17.0.2/svg/2764.svg" alt="&#x2764;&#xfe0f;"></p>



<p></p>



<figure class="wp-block-embed is-type-video is-provider-youtube wp-block-embed-youtube wp-embed-aspect-16-9 wp-has-aspect-ratio"><div class="wp-block-embed__wrapper">
<iframe loading="lazy" title="Salles de Bac Pro ASSP - LDN" width="474" height="267" src="https://www.youtube.com/embed/fZY7NeCbjro?feature=oembed" frameborder="0" allow="accelerometer; autoplay; clipboard-write; encrypted-media; gyroscope; picture-in-picture; web-share" referrerpolicy="strict-origin-when-cross-origin" allowfullscreen></iframe>
</div></figure>



<p></p>

<p>BAC PRO ASSP – Accompagnement, Soins et Services à la Personne Le lycée propose le BAC PRO ASSP, une formation qui permet d’acquérir des compétences dans le secteur sanitaire et social et de travailler au plus près des personnes. Cette formation est faite pour vous si vous aimez : Accompagner les personnes au quotidien Communiquer &hellip; <a href="https://lycee-nisard.fr/?page_id=2643" class="more-link">Continuer la lecture de <span class="screen-reader-text">Bac Pro ASSP</span>  <span class="meta-nav">&rarr;</span></a></p>
