{"id":2017,"date":"2015-05-26T12:04:25","date_gmt":"2015-05-26T11:04:25","guid":{"rendered":"http:\/\/lycee-nisard.fr\/?page_id=2017"},"modified":"2018-11-29T15:55:47","modified_gmt":"2018-11-29T14:55:47","slug":"eco-ambassadeurs-2","status":"publish","type":"page","link":"https:\/\/lycee-nisard.fr\/?page_id=2017","title":{"rendered":"Eco-ambassadeurs"},"content":{"rendered":"<h1 style=\"margin-bottom: 0cm; text-decoration: none; text-align: center;\" align=\"CENTER\"><span style=\"text-decoration: underline;\"><span style=\"color: #000000;\"><span style=\"font-size: large;\">LES ECO-AMBASSADEURS<\/span><\/span><\/span><\/h1>\n<p>&nbsp;<\/p>\n<p style=\"text-align: justify;\"><span style=\"color: #000000;\"><span style=\"font-size: medium;\">Depuis 2014, sous l&rsquo;impulsion de la direction, d&rsquo;enseignants et soutenus par le CEMEA de Dijon, des \u00e9l\u00e8ves se sont engag\u00e9s pour devenir \u00e9co-ambassadeurs au sein du lyc\u00e9e.<br \/>\nCe groupe d&rsquo;\u00e9l\u00e8ves m\u00e8ne diff\u00e9rents projets dans le but d&rsquo;am\u00e9liorer la vie des lyc\u00e9ens tout en s&rsquo;inscrivant dans une d\u00e9marche de d\u00e9veloppement durable. <\/span><\/span><\/p>\n<p style=\"text-align: justify;\"><span style=\"color: #000000;\"><span style=\"font-size: medium;\"><strong>Apr\u00e8s une premi\u00e8re phase d&rsquo;observation et de questionnement, les \u00e9l\u00e8ves ont faits plusieurs constats qui les ont amen\u00e9s \u00e0 r\u00e9fl\u00e9chir autour de deux axes :<\/strong> <\/span><\/span><\/p>\n<p style=\"padding-left: 90px;\"><span style=\"color: #000000;\"><span style=\"font-size: medium;\"><span style=\"font-weight: normal;\"><a href=\"http:\/\/lycee-nisard.fr\/?page_id=2019\">&#8211; La Lutte contre le gaspillage \u00e0 la cantine<\/a><\/span><\/span><\/span><\/p>\n<p style=\"padding-left: 90px;\"><span style=\"color: #000000;\"><span style=\"font-size: medium;\"><a href=\"http:\/\/lycee-nisard.fr\/?page_id=2021\">&#8211; Le r\u00e9am\u00e9nagement et l&rsquo;extension du foyer<\/a><\/span><\/span><\/p>\n<p>&nbsp;<\/p>\n<p><span style=\"color: #000000;\"><span style=\"font-size: medium;\"><strong>Par ailleurs, ces \u00e9l\u00e8ves\u00a0 prennent part aux diff\u00e9rents \u00e9v\u00e9nements, dans l&rsquo;enceinte du lyc\u00e9e ou \u00e0 l&rsquo;ext\u00e9rieur, li\u00e9s \u00e0 cette large th\u00e9matique du d\u00e9veloppement durable<\/strong> :<\/span><\/span><\/p>\n<p><span style=\"color: #000000;\"><span style=\"font-size: medium;\">&#8211; R\u00e9flexion sur l&rsquo;\u00e9conomie circulaire avec la classe de 1\u00e8re ES de M. Chartier, la pr\u00e9sidente de la Jeune Chambre Economique\u00a0du bassin de Montbard\/Ch\u00e2tillon,Mme\u00a0<span style=\"color: #000000;\"><span style=\"font-size: medium;\"><span style=\"text-decoration: none;\">Julie Jacquenet<\/span> <span style=\"text-decoration: none;\">Francisco<\/span><\/span><\/span>, et M. Dufau repr\u00e9sentant de l&rsquo;ADEME de Dijon. Elle s&rsquo;est faite autour des 5 axes de la JCE qui sont :<\/span><\/span><\/p>\n<ul>\n<li><span style=\"color: #000000;\"><span style=\"font-size: medium;\">Agir pour l&#8217;emploi<\/span><\/span><\/li>\n<li><span style=\"color: #000000;\"><span style=\"font-size: medium;\">Am\u00e9nager son territoire<\/span><\/span><\/li>\n<li><span style=\"color: #000000;\"><span style=\"font-size: medium;\">\u00catre solidaire<\/span><\/span><\/li>\n<li><span style=\"color: #000000;\"><span style=\"font-size: medium;\">Pr\u00e9server la plan\u00e8te<\/span><\/span><\/li>\n<li><span style=\"color: #000000;\"><span style=\"font-size: medium;\">D\u00e9velopper l&rsquo;\u00e9conomie<\/span><\/span><\/li>\n<\/ul>\n<p>&nbsp;<\/p>\n<p style=\"margin-bottom: 0cm; padding-left: 30px;\" align=\"JUSTIFY\"><a href=\"http:\/\/lycee-nisard.fr\/wp-content\/uploads\/2015\/05\/economie-circulaire.jpg\"><img loading=\"lazy\" decoding=\"async\" class=\"aligncenter size-full wp-image-2023\" src=\"http:\/\/lycee-nisard.fr\/wp-content\/uploads\/2015\/05\/economie-circulaire.jpg\" alt=\"economie circulaire\" width=\"527\" height=\"300\" \/><\/a><\/p>\n<p>&nbsp;<\/p>\n<p style=\"margin-bottom: 0cm;\" align=\"JUSTIFY\"><span style=\"color: #000000;\"><span style=\"font-size: medium;\"><span style=\"text-decoration: none;\">&#8211; Participation \u00e0 la journ\u00e9e d&rsquo;\u00e9changes \u00e9co-lyc\u00e9e au LEGTA Olivier de Serre \u00e0 Qu\u00e9tigny le mercredi 2 avril 2014.<br \/>\n<\/span><\/span><\/span><\/p>\n","protected":false},"excerpt":{"rendered":"<p>LES ECO-AMBASSADEURS &nbsp; Depuis 2014, sous l&rsquo;impulsion de la direction, d&rsquo;enseignants et soutenus par le CEMEA de Dijon, des \u00e9l\u00e8ves se sont engag\u00e9s pour devenir \u00e9co-ambassadeurs au sein du lyc\u00e9e. Ce groupe d&rsquo;\u00e9l\u00e8ves m\u00e8ne diff\u00e9rents projets dans le but d&rsquo;am\u00e9liorer la vie des lyc\u00e9ens tout en s&rsquo;inscrivant dans une d\u00e9marche de d\u00e9veloppement durable. Apr\u00e8s une &hellip; <a href=\"https:\/\/lycee-nisard.fr\/?page_id=2017\" class=\"more-link\">Continuer la lecture de <span class=\"screen-reader-text\">Eco-ambassadeurs<\/span>  <span class=\"meta-nav\">&rarr;<\/span><\/a><\/p>\n","protected":false},"author":1,"featured_media":0,"parent":9,"menu_order":5,"comment_status":"open","ping_status":"open","template":"","meta":{"saved_in_kubio":false,"footnotes":""},"class_list":["post-2017","page","type-page","status-publish","hentry"],"kubio_ai_page_context":{"short_desc":"","purpose":"general"},"_links":{"self":[{"href":"https:\/\/lycee-nisard.fr\/index.php?rest_route=\/wp\/v2\/pages\/2017","targetHints":{"allow":["GET"]}}],"collection":[{"href":"https:\/\/lycee-nisard.fr\/index.php?rest_route=\/wp\/v2\/pages"}],"about":[{"href":"https:\/\/lycee-nisard.fr\/index.php?rest_route=\/wp\/v2\/types\/page"}],"author":[{"embeddable":true,"href":"https:\/\/lycee-nisard.fr\/index.php?rest_route=\/wp\/v2\/users\/1"}],"replies":[{"embeddable":true,"href":"https:\/\/lycee-nisard.fr\/index.php?rest_route=%2Fwp%2Fv2%2Fcomments&post=2017"}],"version-history":[{"count":7,"href":"https:\/\/lycee-nisard.fr\/index.php?rest_route=\/wp\/v2\/pages\/2017\/revisions"}],"predecessor-version":[{"id":2054,"href":"https:\/\/lycee-nisard.fr\/index.php?rest_route=\/wp\/v2\/pages\/2017\/revisions\/2054"}],"up":[{"embeddable":true,"href":"https:\/\/lycee-nisard.fr\/index.php?rest_route=\/wp\/v2\/pages\/9"}],"wp:attachment":[{"href":"https:\/\/lycee-nisard.fr\/index.php?rest_route=%2Fwp%2Fv2%2Fmedia&parent=2017"}],"curies":[{"name":"wp","href":"https:\/\/api.w.org\/{rel}","templated":true}]}}